{"id":280,"date":"2015-10-29T00:34:11","date_gmt":"2015-10-29T00:34:11","guid":{"rendered":"https:\/\/realavocat.com\/fr\/?page_id=280"},"modified":"2024-04-16T10:35:25","modified_gmt":"2024-04-16T10:35:25","slug":"mreal-fr","status":"publish","type":"page","link":"https:\/\/realavocat.com\/fr\/equipe\/mreal-fr\/","title":{"rendered":"Maria Ana Real Geraldo Dias"},"content":{"rendered":"<div id='full_slider_1'  class='avia-fullwidth-slider main_color avia-shadow   avia-builder-el-0  el_before_av_two_fifth  avia-builder-el-first   container_wrap fullsize'  ><div   data-size='no scaling'  data-lightbox_size='large'  data-animation='fade'  data-conditional_play=''  data-ids='174,183'  data-video_counter='0'  data-autoplay='true'  data-bg_slider='false'  data-slide_height=''  data-handle='av_slideshow_full'  data-interval='5'  data-class=' image_no_stretch'  data-el_id=''  data-css_id=''  data-scroll_down=''  data-control_layout='av-control-hidden'  data-custom_markup=''  data-perma_caption=''  data-autoplay_stopper=''  data-image_attachment=''  data-min_height='0px'  data-lazy_loading='disabled'  data-src=''  data-position='top left'  data-repeat='no-repeat'  data-attach='scroll'  data-stretch='image_no_stretch'  data-img_scrset=''  class='avia-slideshow avia-slideshow-1  av-control-hidden av-default-height-applied avia-slideshow-no scaling av_slideshow_full  image_no_stretch avia-fade-slider '  itemprop=\"image\" itemscope=\"itemscope\" itemtype=\"https:\/\/schema.org\/ImageObject\" ><ul class='avia-slideshow-inner ' style='padding-bottom: 11.40625%;' ><li  class=' slide-1 ' ><div data-rel='slideshow-1' class='avia-slide-wrap '   ><img decoding=\"async\" class=\"wp-image-1013 avia-img-lazy-loading-not-1013\"  src=\"https:\/\/realavocat.com\/wp-content\/uploads\/2015\/09\/about.jpg\" width=\"1920\" height=\"219\" title='about' alt=''  itemprop=\"thumbnailUrl\" srcset=\"https:\/\/realavocat.com\/wp-content\/uploads\/2015\/09\/about.jpg 1920w, https:\/\/realavocat.com\/wp-content\/uploads\/2015\/09\/about-300x34.jpg 300w, https:\/\/realavocat.com\/wp-content\/uploads\/2015\/09\/about-1030x117.jpg 1030w, https:\/\/realavocat.com\/wp-content\/uploads\/2015\/09\/about-1500x171.jpg 1500w, https:\/\/realavocat.com\/wp-content\/uploads\/2015\/09\/about-705x80.jpg 705w, https:\/\/realavocat.com\/wp-content\/uploads\/2015\/09\/about-450x51.jpg 450w\" sizes=\"(max-width: 1920px) 100vw, 1920px\" \/><\/div><\/li><li  class=' slide-2 ' ><div data-rel='slideshow-1' class='avia-slide-wrap '   ><img decoding=\"async\" class=\"wp-image-1015 avia-img-lazy-loading-not-1015\"  src=\"https:\/\/realavocat.com\/wp-content\/uploads\/2015\/09\/abt1.jpg\" width=\"1920\" height=\"219\" title='abt' alt=''  itemprop=\"thumbnailUrl\" srcset=\"https:\/\/realavocat.com\/wp-content\/uploads\/2015\/09\/abt1.jpg 1920w, https:\/\/realavocat.com\/wp-content\/uploads\/2015\/09\/abt1-300x34.jpg 300w, https:\/\/realavocat.com\/wp-content\/uploads\/2015\/09\/abt1-1030x117.jpg 1030w, https:\/\/realavocat.com\/wp-content\/uploads\/2015\/09\/abt1-1500x171.jpg 1500w, https:\/\/realavocat.com\/wp-content\/uploads\/2015\/09\/abt1-705x80.jpg 705w, https:\/\/realavocat.com\/wp-content\/uploads\/2015\/09\/abt1-450x51.jpg 450w\" sizes=\"(max-width: 1920px) 100vw, 1920px\" \/><\/div><\/li><\/ul><div class='avia-slideshow-arrows avia-slideshow-controls' ><a href='#prev' class='prev-slide ' aria-hidden='true' data-av_icon='\ue87c' data-av_iconfont='entypo-fontello'  tabindex='-1'>Pr\u00e9c\u00e9dent<\/a><a href='#next' class='next-slide ' aria-hidden='true' data-av_icon='\ue87d' data-av_iconfont='entypo-fontello'  tabindex='-1'>Suivant<\/a><\/div><div class='avia-slideshow-dots avia-slideshow-controls'><a href='#1' class='goto-slide active' >1<\/a><a href='#2' class='goto-slide ' >2<\/a><\/div><\/div><\/div><div id='after_full_slider_1'  class='main_color av_default_container_wrap container_wrap fullsize'  ><div class='container av-section-cont-open' ><div class='template-page content  av-content-full alpha units'><div class='post-entry post-entry-type-page post-entry-280'><div class='entry-content-wrapper clearfix'>\n\n<style type=\"text\/css\" data-created_by=\"avia_inline_auto\" id=\"style-css-av-1x9xuo-71dab1ef767e0a002ec379c2788acacb\">\n.flex_column.av-1x9xuo-71dab1ef767e0a002ec379c2788acacb{\nborder-radius:0px 0px 0px 0px;\n-webkit-border-radius:0px 0px 0px 0px;\n-moz-border-radius:0px 0px 0px 0px;\n}\n<\/style>\n<div class='flex_column av-1x9xuo-71dab1ef767e0a002ec379c2788acacb av_two_fifth  avia-builder-el-1  el_after_av_slideshow_full  el_before_av_three_fifth  avia-builder-el-first  first flex_column_div av-zero-column-padding '   ><style type=\"text\/css\" data-created_by=\"avia_inline_auto\" id=\"style-css-av-1ot100-f3ff8899abca67817ee5a783940da299\">\n.avia-image-container.av-1ot100-f3ff8899abca67817ee5a783940da299 .av-image-caption-overlay-center{\ncolor:#ffffff;\n}\n<\/style>\n<div  class='avia-image-container av-1ot100-f3ff8899abca67817ee5a783940da299 av-styling- avia-align-center  avia-builder-el-2  avia-builder-el-no-sibling '  itemprop=\"image\" itemscope=\"itemscope\" itemtype=\"https:\/\/schema.org\/ImageObject\" ><div class=\"avia-image-container-inner\"><div class=\"avia-image-overlay-wrap\"><img decoding=\"async\" class='wp-image-1016 avia-img-lazy-loading-not-1016 avia_image' src=\"https:\/\/realavocat.com\/wp-content\/uploads\/2015\/09\/mana-247x300.jpg\" alt='' title='mana'  height=\"300\" width=\"247\"  itemprop=\"thumbnailUrl\" srcset=\"https:\/\/realavocat.com\/wp-content\/uploads\/2015\/09\/mana-247x300.jpg 247w, https:\/\/realavocat.com\/wp-content\/uploads\/2015\/09\/mana-450x546.jpg 450w, https:\/\/realavocat.com\/wp-content\/uploads\/2015\/09\/mana.jpg 528w\" sizes=\"(max-width: 247px) 100vw, 247px\" \/><\/div><\/div><\/div><\/div>\n\n<style type=\"text\/css\" data-created_by=\"avia_inline_auto\" id=\"style-css-av-1ncg94-1e3ff38edd9bcbb48b6734882bf322ae\">\n.flex_column.av-1ncg94-1e3ff38edd9bcbb48b6734882bf322ae{\nborder-radius:0px 0px 0px 0px;\n-webkit-border-radius:0px 0px 0px 0px;\n-moz-border-radius:0px 0px 0px 0px;\n}\n<\/style>\n<div class='flex_column av-1ncg94-1e3ff38edd9bcbb48b6734882bf322ae av_three_fifth  avia-builder-el-3  el_after_av_two_fifth  avia-builder-el-last  flex_column_div av-zero-column-padding '   ><section  class='av_textblock_section av-1hgimg-0c92934aa6381259a98a4adc60f115c2'  itemscope=\"itemscope\" itemtype=\"https:\/\/schema.org\/CreativeWork\" ><div class='avia_textblock'  itemprop=\"text\" ><section class=\"av_textblock_section\">\n<div class=\"avia_textblock \">\n<p><strong>Maria Ana Real Geraldo Dias<br \/>\n<\/strong><em>Managing Partner<\/em><strong><br \/>\n<\/strong><\/p>\n<p>n\u00e9e \u00e0 Lisbonne le 14 septembre 1981<br \/>\nadmise en 2009, Luxembourg<br \/>\navocat \u00e0 la Cour, Cour Sup\u00e9rieure de Justice<\/p>\n<\/div>\n<\/section>\n<\/div><\/section><br \/>\n\n<style type=\"text\/css\" data-created_by=\"avia_inline_auto\" id=\"style-css-av-4iiiw-43ed99cbfccb86a06d28be93b7c64a63\">\n#top .hr.hr-invisible.av-4iiiw-43ed99cbfccb86a06d28be93b7c64a63{\nheight:10px;\n}\n<\/style>\n<div  class='hr av-4iiiw-43ed99cbfccb86a06d28be93b7c64a63 hr-invisible  avia-builder-el-5  el_after_av_textblock  el_before_av_textblock '><span class='hr-inner '><span class=\"hr-inner-style\"><\/span><\/span><\/div><br \/>\n<section  class='av_textblock_section av-l5xu6cl2-784f30e8184c43d6a8b7b50c7c7cf933'  itemscope=\"itemscope\" itemtype=\"https:\/\/schema.org\/CreativeWork\" ><div class='avia_textblock'  itemprop=\"text\" ><p><strong>Parcours universitaire &amp; qualifications<br \/>\n<\/strong><\/p>\n<ul>\n<li>Certificat en <a href=\"https:\/\/realavocat.com\/wp-content\/uploads\/2022\/07\/bankrupty-administrator.pdf\">curateur de faillite<\/a>, Luxembourg, 2022<\/li>\n<li>Certificat en droit des enfants (\u00ab\u00a0formation avocat d&rsquo;enfant\u00a0\u00bb), Luxembourg, 2016<\/li>\n<li>Cours compl\u00e9mentaires en droit luxembourgeois, Universit\u00e9 de Luxembourg, 2009<\/li>\n<li>Certificat en droit de l\u2019Union europ\u00e9enne au King\u2019s College, Universit\u00e9 de Londres, 2007<\/li>\n<li>LL.M. en droit europ\u00e9en (\u00ab\u00a0Europ\u00e4isches und Internationales Recht\u00a0\u00bb) de l&rsquo;Europa-Institut de Sarrebruck, Allemagne, 2006<\/li>\n<li>Master 1 en droit europ\u00e9en de l&rsquo;Universit\u00e9 de Br\u00eame, Allemagne, 2005<\/li>\n<li>Licence en droit de l&rsquo;Universit\u00e9 de Lisbonne avec sp\u00e9cialisation en droit europ\u00e9en (Faculdade de Direito da Universidade Nova de Lisboa), Portugal, 2005<\/li>\n<\/ul>\n<\/div><\/section><br \/>\n\n<style type=\"text\/css\" data-created_by=\"avia_inline_auto\" id=\"style-css-av-12x1ps-415115c6898ab3e48db29e8e06b2dc52\">\n#top .hr.hr-invisible.av-12x1ps-415115c6898ab3e48db29e8e06b2dc52{\nheight:10px;\n}\n<\/style>\n<div  class='hr av-12x1ps-415115c6898ab3e48db29e8e06b2dc52 hr-invisible  avia-builder-el-7  el_after_av_textblock  el_before_av_textblock '><span class='hr-inner '><span class=\"hr-inner-style\"><\/span><\/span><\/div><br \/>\n<section  class='av_textblock_section av-z736o-3f8e9f1c2310e722b991b0f6a6159c09'  itemscope=\"itemscope\" itemtype=\"https:\/\/schema.org\/CreativeWork\" ><div class='avia_textblock'  itemprop=\"text\" ><section class=\"av_textblock_section\">\n<div class=\"avia_textblock \">\n<p><strong>Activit\u00e9s professionnelles<\/strong><\/p>\n<ul>\n<li>Managing Partner dans l&rsquo;etude REAL, Avocats \u00e0 la Cour, depuis 2015<\/li>\n<li>Avocat en exercice dans un cabinet d\u2019avocats renomm\u00e9 au Luxembourg (2009-2015)<\/li>\n<li>Juriste linguiste \u00e0 la Cour de Justice de l\u2019Union europ\u00e9enne (2006-2008)<\/li>\n<li>Juriste interne au cabinet d\u2019avocats \u00ab Anwalts und Notarb\u00fcro Reineke Redecker &amp; Coll \u00bb \u00e0 Br\u00eame, Allemagne, (2004-2005)<\/li>\n<li>Juriste interne au cabinet d\u2019avocats \u00ab Bayerischer Bauern Verband, K\u00f6rperschaft des \u00f6ffentlichen Rechts \u00bb \u00e0 Munich, Allemagne, 2005<\/li>\n<\/ul>\n<ul>\n<li><em>Professeur de ballet \u00e0 Conservatoire Nord, Luxembourg, depuis 2023<\/em><\/li>\n<li><em>Professeur principal et directeur fondateur de l&rsquo;\u00e9cole Real Academy of Dance, Luxemburg, depuis 201<\/em>4<\/li>\n<li><em>Professeur de ballet certifi\u00e9e de la Royal Academy of Dance (RAD), Londres<\/em><\/li>\n<\/ul>\n<\/div>\n<\/section>\n<\/div><\/section><br \/>\n\n<style type=\"text\/css\" data-created_by=\"avia_inline_auto\" id=\"style-css-av-p60q8-31e91a9070ef86a2491f58ca98c8b228\">\n#top .hr.hr-invisible.av-p60q8-31e91a9070ef86a2491f58ca98c8b228{\nheight:10px;\n}\n<\/style>\n<div  class='hr av-p60q8-31e91a9070ef86a2491f58ca98c8b228 hr-invisible  avia-builder-el-9  el_after_av_textblock  el_before_av_textblock '><span class='hr-inner '><span class=\"hr-inner-style\"><\/span><\/span><\/div><br \/>\n<section  class='av_textblock_section av-md38o-a80f127a1e5b513e837e14aad9586a2c'  itemscope=\"itemscope\" itemtype=\"https:\/\/schema.org\/CreativeWork\" ><div class='avia_textblock'  itemprop=\"text\" ><p><strong>Membre<\/strong><\/p>\n<ul>\n<li>Conf\u00e9rence des Jeunes Barreau de Luxembourg<\/li>\n<li>Association Internationale des Jeunes Avocats (AIJA)<\/li>\n<li>Europa-Institut (EVER)<\/li>\n<li>European Lawyer\u2019s Union (UAE)<\/li>\n<li>Anciennement, l\u2019Office Europ\u00e9en de S\u00e9lection du Personnel (EPSO)<\/li>\n<\/ul>\n<\/div><\/section><br \/>\n\n<style type=\"text\/css\" data-created_by=\"avia_inline_auto\" id=\"style-css-av-dtdb4-d6d6655208ea0d1d4e2b302a702380be\">\n#top .hr.hr-invisible.av-dtdb4-d6d6655208ea0d1d4e2b302a702380be{\nheight:10px;\n}\n<\/style>\n<div  class='hr av-dtdb4-d6d6655208ea0d1d4e2b302a702380be hr-invisible  avia-builder-el-11  el_after_av_textblock  el_before_av_textblock '><span class='hr-inner '><span class=\"hr-inner-style\"><\/span><\/span><\/div><br \/>\n<section  class='av_textblock_section av-ah328-ed1749ab8cd088cbf06f7340b133021c'  itemscope=\"itemscope\" itemtype=\"https:\/\/schema.org\/CreativeWork\" ><div class='avia_textblock'  itemprop=\"text\" ><p><strong>Langues<\/strong><br \/>\nAnglais, fran\u00e7ais, allemand, portugais et luxembourgeois<\/p>\n<\/div><\/section><\/p><\/div>\n","protected":false},"excerpt":{"rendered":"","protected":false},"author":3,"featured_media":0,"parent":407,"menu_order":0,"comment_status":"closed","ping_status":"closed","template":"","meta":{"footnotes":""},"class_list":["post-280","page","type-page","status-publish","hentry"],"_links":{"self":[{"href":"https:\/\/realavocat.com\/fr\/wp-json\/wp\/v2\/pages\/280","targetHints":{"allow":["GET"]}}],"collection":[{"href":"https:\/\/realavocat.com\/fr\/wp-json\/wp\/v2\/pages"}],"about":[{"href":"https:\/\/realavocat.com\/fr\/wp-json\/wp\/v2\/types\/page"}],"author":[{"embeddable":true,"href":"https:\/\/realavocat.com\/fr\/wp-json\/wp\/v2\/users\/3"}],"replies":[{"embeddable":true,"href":"https:\/\/realavocat.com\/fr\/wp-json\/wp\/v2\/comments?post=280"}],"version-history":[{"count":26,"href":"https:\/\/realavocat.com\/fr\/wp-json\/wp\/v2\/pages\/280\/revisions"}],"predecessor-version":[{"id":1278,"href":"https:\/\/realavocat.com\/fr\/wp-json\/wp\/v2\/pages\/280\/revisions\/1278"}],"up":[{"embeddable":true,"href":"https:\/\/realavocat.com\/fr\/wp-json\/wp\/v2\/pages\/407"}],"wp:attachment":[{"href":"https:\/\/realavocat.com\/fr\/wp-json\/wp\/v2\/media?parent=280"}],"curies":[{"name":"wp","href":"https:\/\/api.w.org\/{rel}","templated":true}]}}

<div id='full_slider_1'  class='avia-fullwidth-slider main_color avia-shadow   avia-builder-el-0  el_before_av_two_fifth  avia-builder-el-first   container_wrap fullsize'  ><div   data-size='no scaling'  data-lightbox_size='large'  data-animation='fade'  data-conditional_play=''  data-ids='174,183'  data-video_counter='0'  data-autoplay='true'  data-bg_slider='false'  data-slide_height=''  data-handle='av_slideshow_full'  data-interval='5'  data-class=' image_no_stretch'  data-el_id=''  data-css_id=''  data-scroll_down=''  data-control_layout='av-control-hidden'  data-custom_markup=''  data-perma_caption=''  data-autoplay_stopper=''  data-image_attachment=''  data-min_height='0px'  data-lazy_loading='disabled'  data-src=''  data-position='top left'  data-repeat='no-repeat'  data-attach='scroll'  data-stretch='image_no_stretch'  data-img_scrset=''  class='avia-slideshow avia-slideshow-1  av-control-hidden av-default-height-applied avia-slideshow-no scaling av_slideshow_full  image_no_stretch avia-fade-slider '  itemprop="image" itemscope="itemscope" itemtype="https://schema.org/ImageObject" ><ul class='avia-slideshow-inner ' style='padding-bottom: 11.40625%;' ><li  class=' slide-1 ' ><div data-rel='slideshow-1' class='avia-slide-wrap '   ><img decoding="async" class="wp-image-1013 avia-img-lazy-loading-not-1013"  src="https://realavocat.com/wp-content/uploads/2015/09/about.jpg" width="1920" height="219" title='about' alt=''  itemprop="thumbnailUrl" srcset="https://realavocat.com/wp-content/uploads/2015/09/about.jpg 1920w, https://realavocat.com/wp-content/uploads/2015/09/about-300x34.jpg 300w, https://realavocat.com/wp-content/uploads/2015/09/about-1030x117.jpg 1030w, https://realavocat.com/wp-content/uploads/2015/09/about-1500x171.jpg 1500w, https://realavocat.com/wp-content/uploads/2015/09/about-705x80.jpg 705w, https://realavocat.com/wp-content/uploads/2015/09/about-450x51.jpg 450w" sizes="(max-width: 1920px) 100vw, 1920px" /></div></li><li  class=' slide-2 ' ><div data-rel='slideshow-1' class='avia-slide-wrap '   ><img decoding="async" class="wp-image-1015 avia-img-lazy-loading-not-1015"  src="https://realavocat.com/wp-content/uploads/2015/09/abt1.jpg" width="1920" height="219" title='abt' alt=''  itemprop="thumbnailUrl" srcset="https://realavocat.com/wp-content/uploads/2015/09/abt1.jpg 1920w, https://realavocat.com/wp-content/uploads/2015/09/abt1-300x34.jpg 300w, https://realavocat.com/wp-content/uploads/2015/09/abt1-1030x117.jpg 1030w, https://realavocat.com/wp-content/uploads/2015/09/abt1-1500x171.jpg 1500w, https://realavocat.com/wp-content/uploads/2015/09/abt1-705x80.jpg 705w, https://realavocat.com/wp-content/uploads/2015/09/abt1-450x51.jpg 450w" sizes="(max-width: 1920px) 100vw, 1920px" /></div></li></ul><div class='avia-slideshow-arrows avia-slideshow-controls' ><a href='#prev' class='prev-slide ' aria-hidden='true' data-av_icon='' data-av_iconfont='entypo-fontello'  tabindex='-1'>Précédent</a><a href='#next' class='next-slide ' aria-hidden='true' data-av_icon='' data-av_iconfont='entypo-fontello'  tabindex='-1'>Suivant</a></div><div class='avia-slideshow-dots avia-slideshow-controls'><a href='#1' class='goto-slide active' >1</a><a href='#2' class='goto-slide ' >2</a></div></div></div><div id='after_full_slider_1'  class='main_color av_default_container_wrap container_wrap fullsize'  ><div class='container av-section-cont-open' ><div class='template-page content  av-content-full alpha units'><div class='post-entry post-entry-type-page post-entry-280'><div class='entry-content-wrapper clearfix'>

<style type="text/css" data-created_by="avia_inline_auto" id="style-css-av-1x9xuo-71dab1ef767e0a002ec379c2788acacb">
.flex_column.av-1x9xuo-71dab1ef767e0a002ec379c2788acacb{
border-radius:0px 0px 0px 0px;
-webkit-border-radius:0px 0px 0px 0px;
-moz-border-radius:0px 0px 0px 0px;
}
</style>
<div class='flex_column av-1x9xuo-71dab1ef767e0a002ec379c2788acacb av_two_fifth  avia-builder-el-1  el_after_av_slideshow_full  el_before_av_three_fifth  avia-builder-el-first  first flex_column_div av-zero-column-padding '   ><style type="text/css" data-created_by="avia_inline_auto" id="style-css-av-1ot100-f3ff8899abca67817ee5a783940da299">
.avia-image-container.av-1ot100-f3ff8899abca67817ee5a783940da299 .av-image-caption-overlay-center{
color:#ffffff;
}
</style>
<div  class='avia-image-container av-1ot100-f3ff8899abca67817ee5a783940da299 av-styling- avia-align-center  avia-builder-el-2  avia-builder-el-no-sibling '  itemprop="image" itemscope="itemscope" itemtype="https://schema.org/ImageObject" ><div class="avia-image-container-inner"><div class="avia-image-overlay-wrap"><img decoding="async" class='wp-image-1016 avia-img-lazy-loading-not-1016 avia_image' src="https://realavocat.com/wp-content/uploads/2015/09/mana-247x300.jpg" alt='' title='mana'  height="300" width="247"  itemprop="thumbnailUrl" srcset="https://realavocat.com/wp-content/uploads/2015/09/mana-247x300.jpg 247w, https://realavocat.com/wp-content/uploads/2015/09/mana-450x546.jpg 450w, https://realavocat.com/wp-content/uploads/2015/09/mana.jpg 528w" sizes="(max-width: 247px) 100vw, 247px" /></div></div></div></div>

<style type="text/css" data-created_by="avia_inline_auto" id="style-css-av-1ncg94-1e3ff38edd9bcbb48b6734882bf322ae">
.flex_column.av-1ncg94-1e3ff38edd9bcbb48b6734882bf322ae{
border-radius:0px 0px 0px 0px;
-webkit-border-radius:0px 0px 0px 0px;
-moz-border-radius:0px 0px 0px 0px;
}
</style>
<div class='flex_column av-1ncg94-1e3ff38edd9bcbb48b6734882bf322ae av_three_fifth  avia-builder-el-3  el_after_av_two_fifth  avia-builder-el-last  flex_column_div av-zero-column-padding '   ><section  class='av_textblock_section av-1hgimg-0c92934aa6381259a98a4adc60f115c2'  itemscope="itemscope" itemtype="https://schema.org/CreativeWork" ><div class='avia_textblock'  itemprop="text" ><section class="av_textblock_section">
<div class="avia_textblock ">
<p><strong>Maria Ana Real Geraldo Dias<br />
</strong><em>Managing Partner</em><strong><br />
</strong></p>
<p>née à Lisbonne le 14 septembre 1981<br />
admise en 2009, Luxembourg<br />
avocat à la Cour, Cour Supérieure de Justice</p>
</div>
</section>
</div></section><br />

<style type="text/css" data-created_by="avia_inline_auto" id="style-css-av-4iiiw-43ed99cbfccb86a06d28be93b7c64a63">
#top .hr.hr-invisible.av-4iiiw-43ed99cbfccb86a06d28be93b7c64a63{
height:10px;
}
</style>
<div  class='hr av-4iiiw-43ed99cbfccb86a06d28be93b7c64a63 hr-invisible  avia-builder-el-5  el_after_av_textblock  el_before_av_textblock '><span class='hr-inner '><span class="hr-inner-style"></span></span></div><br />
<section  class='av_textblock_section av-l5xu6cl2-784f30e8184c43d6a8b7b50c7c7cf933'  itemscope="itemscope" itemtype="https://schema.org/CreativeWork" ><div class='avia_textblock'  itemprop="text" ><p><strong>Parcours universitaire &amp; qualifications<br />
</strong></p>
<ul>
<li>Certificat en <a href="https://realavocat.com/wp-content/uploads/2022/07/bankrupty-administrator.pdf">curateur de faillite</a>, Luxembourg, 2022</li>
<li>Certificat en droit des enfants (« formation avocat d&rsquo;enfant »), Luxembourg, 2016</li>
<li>Cours complémentaires en droit luxembourgeois, Université de Luxembourg, 2009</li>
<li>Certificat en droit de l’Union européenne au King’s College, Université de Londres, 2007</li>
<li>LL.M. en droit européen (« Europäisches und Internationales Recht ») de l&rsquo;Europa-Institut de Sarrebruck, Allemagne, 2006</li>
<li>Master 1 en droit européen de l&rsquo;Université de Brême, Allemagne, 2005</li>
<li>Licence en droit de l&rsquo;Université de Lisbonne avec spécialisation en droit européen (Faculdade de Direito da Universidade Nova de Lisboa), Portugal, 2005</li>
</ul>
</div></section><br />

<style type="text/css" data-created_by="avia_inline_auto" id="style-css-av-12x1ps-415115c6898ab3e48db29e8e06b2dc52">
#top .hr.hr-invisible.av-12x1ps-415115c6898ab3e48db29e8e06b2dc52{
height:10px;
}
</style>
<div  class='hr av-12x1ps-415115c6898ab3e48db29e8e06b2dc52 hr-invisible  avia-builder-el-7  el_after_av_textblock  el_before_av_textblock '><span class='hr-inner '><span class="hr-inner-style"></span></span></div><br />
<section  class='av_textblock_section av-z736o-3f8e9f1c2310e722b991b0f6a6159c09'  itemscope="itemscope" itemtype="https://schema.org/CreativeWork" ><div class='avia_textblock'  itemprop="text" ><section class="av_textblock_section">
<div class="avia_textblock ">
<p><strong>Activités professionnelles</strong></p>
<ul>
<li>Managing Partner dans l&rsquo;etude REAL, Avocats à la Cour, depuis 2015</li>
<li>Avocat en exercice dans un cabinet d’avocats renommé au Luxembourg (2009-2015)</li>
<li>Juriste linguiste à la Cour de Justice de l’Union européenne (2006-2008)</li>
<li>Juriste interne au cabinet d’avocats « Anwalts und Notarbüro Reineke Redecker &amp; Coll » à Brême, Allemagne, (2004-2005)</li>
<li>Juriste interne au cabinet d’avocats « Bayerischer Bauern Verband, Körperschaft des öffentlichen Rechts » à Munich, Allemagne, 2005</li>
</ul>
<ul>
<li><em>Professeur de ballet à Conservatoire Nord, Luxembourg, depuis 2023</em></li>
<li><em>Professeur principal et directeur fondateur de l&rsquo;école Real Academy of Dance, Luxemburg, depuis 201</em>4</li>
<li><em>Professeur de ballet certifiée de la Royal Academy of Dance (RAD), Londres</em></li>
</ul>
</div>
</section>
</div></section><br />

<style type="text/css" data-created_by="avia_inline_auto" id="style-css-av-p60q8-31e91a9070ef86a2491f58ca98c8b228">
#top .hr.hr-invisible.av-p60q8-31e91a9070ef86a2491f58ca98c8b228{
height:10px;
}
</style>
<div  class='hr av-p60q8-31e91a9070ef86a2491f58ca98c8b228 hr-invisible  avia-builder-el-9  el_after_av_textblock  el_before_av_textblock '><span class='hr-inner '><span class="hr-inner-style"></span></span></div><br />
<section  class='av_textblock_section av-md38o-a80f127a1e5b513e837e14aad9586a2c'  itemscope="itemscope" itemtype="https://schema.org/CreativeWork" ><div class='avia_textblock'  itemprop="text" ><p><strong>Membre</strong></p>
<ul>
<li>Conférence des Jeunes Barreau de Luxembourg</li>
<li>Association Internationale des Jeunes Avocats (AIJA)</li>
<li>Europa-Institut (EVER)</li>
<li>European Lawyer’s Union (UAE)</li>
<li>Anciennement, l’Office Européen de Sélection du Personnel (EPSO)</li>
</ul>
</div></section><br />

<style type="text/css" data-created_by="avia_inline_auto" id="style-css-av-dtdb4-d6d6655208ea0d1d4e2b302a702380be">
#top .hr.hr-invisible.av-dtdb4-d6d6655208ea0d1d4e2b302a702380be{
height:10px;
}
</style>
<div  class='hr av-dtdb4-d6d6655208ea0d1d4e2b302a702380be hr-invisible  avia-builder-el-11  el_after_av_textblock  el_before_av_textblock '><span class='hr-inner '><span class="hr-inner-style"></span></span></div><br />
<section  class='av_textblock_section av-ah328-ed1749ab8cd088cbf06f7340b133021c'  itemscope="itemscope" itemtype="https://schema.org/CreativeWork" ><div class='avia_textblock'  itemprop="text" ><p><strong>Langues</strong><br />
Anglais, français, allemand, portugais et luxembourgeois</p>
</div></section></p></div>
